{"id":2626,"date":"2024-11-13T10:57:54","date_gmt":"2024-11-13T09:57:54","guid":{"rendered":"https:\/\/daracokorilo.com\/?page_id=2626"},"modified":"2024-11-29T11:14:05","modified_gmt":"2024-11-29T10:14:05","slug":"koncert-skola-to-smo-mi","status":"publish","type":"page","link":"https:\/\/daracokorilo.com\/index.php\/koncert-skola-to-smo-mi\/","title":{"rendered":"Koncert &#8222;\u0160kola &#8211; to smo mi&#8220;"},"content":{"rendered":"\n<p>Dragi sugra\u0111ani,<br>Pozivamo vas da prisustvujete Koncertu &#8222;\u0160kola &#8211; to smo mi&#8220; i u\u017eivate u programu koji su u\u010denici priredili povodom Dana \u0161kole.<br>Dobro do\u0161li!&nbsp;<\/p>\n\n\n\n<figure class=\"wp-block-image size-full is-style-default\"><img loading=\"lazy\" decoding=\"async\" width=\"1001\" height=\"567\" src=\"https:\/\/daracokorilo.com\/wp-content\/uploads\/2024\/11\/467204934_1081202976834804_8632072996223808914_n.jpg\" alt=\"\" class=\"wp-image-2627\" srcset=\"https:\/\/daracokorilo.com\/wp-content\/uploads\/2024\/11\/467204934_1081202976834804_8632072996223808914_n.jpg 1001w, https:\/\/daracokorilo.com\/wp-content\/uploads\/2024\/11\/467204934_1081202976834804_8632072996223808914_n-300x170.jpg 300w, https:\/\/daracokorilo.com\/wp-content\/uploads\/2024\/11\/467204934_1081202976834804_8632072996223808914_n-768x435.jpg 768w\" sizes=\"auto, (max-width: 1001px) 100vw, 1001px\" \/><\/figure>\n\n\n\n<p><\/p>\n","protected":false},"excerpt":{"rendered":"<p>Dragi sugra\u0111ani,Pozivamo vas da prisustvujete Koncertu &#8222;\u0160kola &#8211; to smo mi&#8220; i u\u017eivate u programu koji su u\u010denici priredili povodom Dana \u0161kole.Dobro do\u0161li!&nbsp;<\/p>\n","protected":false},"author":1,"featured_media":2627,"parent":0,"menu_order":0,"comment_status":"closed","ping_status":"closed","template":"","meta":{"pagelayer_contact_templates":[],"_pagelayer_content":"","footnotes":""},"class_list":["post-2626","page","type-page","status-publish","has-post-thumbnail","hentry"],"_links":{"self":[{"href":"https:\/\/daracokorilo.com\/index.php\/wp-json\/wp\/v2\/pages\/2626","targetHints":{"allow":["GET"]}}],"collection":[{"href":"https:\/\/daracokorilo.com\/index.php\/wp-json\/wp\/v2\/pages"}],"about":[{"href":"https:\/\/daracokorilo.com\/index.php\/wp-json\/wp\/v2\/types\/page"}],"author":[{"embeddable":true,"href":"https:\/\/daracokorilo.com\/index.php\/wp-json\/wp\/v2\/users\/1"}],"replies":[{"embeddable":true,"href":"https:\/\/daracokorilo.com\/index.php\/wp-json\/wp\/v2\/comments?post=2626"}],"version-history":[{"count":3,"href":"https:\/\/daracokorilo.com\/index.php\/wp-json\/wp\/v2\/pages\/2626\/revisions"}],"predecessor-version":[{"id":2632,"href":"https:\/\/daracokorilo.com\/index.php\/wp-json\/wp\/v2\/pages\/2626\/revisions\/2632"}],"wp:featuredmedia":[{"embeddable":true,"href":"https:\/\/daracokorilo.com\/index.php\/wp-json\/wp\/v2\/media\/2627"}],"wp:attachment":[{"href":"https:\/\/daracokorilo.com\/index.php\/wp-json\/wp\/v2\/media?parent=2626"}],"curies":[{"name":"wp","href":"https:\/\/api.w.org\/{rel}","templated":true}]}}