{"id":568,"date":"2022-01-03T13:26:39","date_gmt":"2022-01-03T12:26:39","guid":{"rendered":"https:\/\/daracokorilo.com\/?page_id=568"},"modified":"2025-06-04T10:16:08","modified_gmt":"2025-06-04T08:16:08","slug":"odjeljenjske-starjesine","status":"publish","type":"page","link":"https:\/\/daracokorilo.com\/index.php\/odjeljenjske-starjesine\/","title":{"rendered":"Odjeljenjske starje\u0161ine &#8211; osnovna \u0161kola"},"content":{"rendered":"\n<h2 class=\"wp-block-heading\">Spisak odjeljenja i starje\u0161ina za \u0161kolsku 2024\/25. godinu u osnovnoj \u0161koli<\/h2>\n\n\n\n<figure class=\"wp-block-table\"><table><tbody><tr><td>Razredni starje\u0161ina<\/td><td class=\"has-text-align-center\" data-align=\"center\">&nbsp;&nbsp;&nbsp;&nbsp;&nbsp;&nbsp;&nbsp;&nbsp;&nbsp; odjeljenje<\/td><\/tr><tr><td>Bojana Golubovi\u0107<\/td><td class=\"has-text-align-center\" data-align=\"center\">I1<\/td><\/tr><tr><td>Sandra Jovanovi\u0107<\/td><td class=\"has-text-align-center\" data-align=\"center\">I2<\/td><\/tr><tr><td>Gordana Milatovi\u0107<\/td><td class=\"has-text-align-center\" data-align=\"center\">I3<\/td><\/tr><tr><td>Lazar Bubanja<\/td><td class=\"has-text-align-center\" data-align=\"center\">I4<\/td><\/tr><tr><td>Ana Boji\u0107<\/td><td class=\"has-text-align-center\" data-align=\"center\">II1<\/td><\/tr><tr><td>Slobodan Bogdanovi\u0107<\/td><td class=\"has-text-align-center\" data-align=\"center\">II2<\/td><\/tr><tr><td>Diana Flor\u0161ic &#8211; Markovi\u0107<\/td><td class=\"has-text-align-center\" data-align=\"center\">II3<\/td><\/tr><tr><td>Sini\u0161a Vasiljevi\u0107<\/td><td class=\"has-text-align-center\" data-align=\"center\">III1<\/td><\/tr><tr><td>Aleksandra Perovi\u0107<\/td><td class=\"has-text-align-center\" data-align=\"center\">III2<\/td><\/tr><tr><td>Milena Popovi\u0107<\/td><td class=\"has-text-align-center\" data-align=\"center\">III3<\/td><\/tr><tr><td>Ksenija Popovi\u0107<\/td><td class=\"has-text-align-center\" data-align=\"center\">III4<\/td><\/tr><tr><td>Goran Peri\u0161i\u0107<\/td><td class=\"has-text-align-center\" data-align=\"center\">IV1<\/td><\/tr><tr><td>Dijana Dendi\u0107<\/td><td class=\"has-text-align-center\" data-align=\"center\">IV2<\/td><\/tr><tr><td>Marijetka Nik\u010devi\u0107<\/td><td class=\"has-text-align-center\" data-align=\"center\">IV3<\/td><\/tr><tr><td>Lidija Vujkovi\u0107<\/td><td class=\"has-text-align-center\" data-align=\"center\">IV4<\/td><\/tr><tr><td>Milica \u0110ikanovi\u0107<\/td><td class=\"has-text-align-center\" data-align=\"center\">V1<\/td><\/tr><tr><td>Aleksandra Perovi\u0107<\/td><td class=\"has-text-align-center\" data-align=\"center\">V2<\/td><\/tr><tr><td>Ksenija Popovi\u0107<\/td><td class=\"has-text-align-center\" data-align=\"center\">V3<\/td><\/tr><tr><td>An\u0111ela Mili\u0107evi\u0107<\/td><td class=\"has-text-align-center\" data-align=\"center\">VI1<\/td><\/tr><tr><td>Svetlana Jokovi\u0107<\/td><td class=\"has-text-align-center\" data-align=\"center\">VI2<\/td><\/tr><tr><td>Stefan Popovi\u0107<\/td><td class=\"has-text-align-center\" data-align=\"center\">VI3<\/td><\/tr><tr><td>Ivana Pe\u0161i\u0107<\/td><td class=\"has-text-align-center\" data-align=\"center\">VI4<\/td><\/tr><tr><td>Jelena Radoji\u010di\u0107<\/td><td class=\"has-text-align-center\" data-align=\"center\">VII1<\/td><\/tr><tr><td>Bojan Drobnjak<\/td><td class=\"has-text-align-center\" data-align=\"center\">VII2<\/td><\/tr><tr><td>Mira Der<\/td><td class=\"has-text-align-center\" data-align=\"center\">VII3<\/td><\/tr><tr><td>Marija Batakovi\u0107<\/td><td class=\"has-text-align-center\" data-align=\"center\">VII4<\/td><\/tr><tr><td>Vesna \u0160arac<\/td><td class=\"has-text-align-center\" data-align=\"center\">VIII1<\/td><\/tr><tr><td>Ana Bjeleti\u0107<\/td><td class=\"has-text-align-center\" data-align=\"center\">IX1<\/td><\/tr><tr><td>Ljiljana Radovi\u0107<\/td><td class=\"has-text-align-center\" data-align=\"center\">IX2<\/td><\/tr><tr><td>Stefan Popovi\u0107<\/td><td class=\"has-text-align-center\" data-align=\"center\">IX3<\/td><\/tr><tr><td>Tijana Ble\u010di\u0107 &#8211; Perovi\u0107<\/td><td class=\"has-text-align-center\" data-align=\"center\">Solo pjevanje<\/td><\/tr><tr><td>Tijana Ble\u010di\u0107 &#8211; Perovi\u0107<\/td><td class=\"has-text-align-center\" data-align=\"center\">Udaraljke<\/td><\/tr><\/tbody><\/table><\/figure>\n\n\n\n<p><\/p>\n","protected":false},"excerpt":{"rendered":"<p>Spisak odjeljenja i starje\u0161ina za \u0161kolsku 2024\/25. godinu u osnovnoj \u0161koli Razredni starje\u0161ina &nbsp;&nbsp;&nbsp;&nbsp;&nbsp;&nbsp;&nbsp;&nbsp;&nbsp; odjeljenje Bojana Golubovi\u0107 I1 Sandra Jovanovi\u0107 I2 Gordana Milatovi\u0107 I3 Lazar Bubanja I4 Ana Boji\u0107 II1 Slobodan Bogdanovi\u0107 II2 Diana Flor\u0161ic &#8211; Markovi\u0107 II3 Sini\u0161a Vasiljevi\u0107 III1 Aleksandra Perovi\u0107 III2 Milena Popovi\u0107 III3 Ksenija Popovi\u0107 III4 Goran Peri\u0161i\u0107 IV1 Dijana Dendi\u0107 [&hellip;]<\/p>\n","protected":false},"author":1,"featured_media":0,"parent":0,"menu_order":0,"comment_status":"closed","ping_status":"closed","template":"","meta":{"pagelayer_contact_templates":[],"_pagelayer_content":"","footnotes":""},"class_list":["post-568","page","type-page","status-publish","hentry"],"_links":{"self":[{"href":"https:\/\/daracokorilo.com\/index.php\/wp-json\/wp\/v2\/pages\/568","targetHints":{"allow":["GET"]}}],"collection":[{"href":"https:\/\/daracokorilo.com\/index.php\/wp-json\/wp\/v2\/pages"}],"about":[{"href":"https:\/\/daracokorilo.com\/index.php\/wp-json\/wp\/v2\/types\/page"}],"author":[{"embeddable":true,"href":"https:\/\/daracokorilo.com\/index.php\/wp-json\/wp\/v2\/users\/1"}],"replies":[{"embeddable":true,"href":"https:\/\/daracokorilo.com\/index.php\/wp-json\/wp\/v2\/comments?post=568"}],"version-history":[{"count":5,"href":"https:\/\/daracokorilo.com\/index.php\/wp-json\/wp\/v2\/pages\/568\/revisions"}],"predecessor-version":[{"id":3253,"href":"https:\/\/daracokorilo.com\/index.php\/wp-json\/wp\/v2\/pages\/568\/revisions\/3253"}],"wp:attachment":[{"href":"https:\/\/daracokorilo.com\/index.php\/wp-json\/wp\/v2\/media?parent=568"}],"curies":[{"name":"wp","href":"https:\/\/api.w.org\/{rel}","templated":true}]}}